 + g = 4*u. What are the prime factors of u?
67
Suppose 3171 = 3*r + 930. List the prime factors of r.
3, 83
Let d = 13 - 13. Suppose -2*n = -5*h + 5, d*n - 5*h = n - 20. Suppose -3*x + 2*l + 161 = -28, -n*x + 315 = 5*l. List the prime factors of x.
3, 7
Let x(d) = -d**2 + 16*d - 15. Let w be (9/(-6))/(2/(-20)). Let i be x(w). Suppose -2*m + 5*m + 3*r = 156, -3*m - r + 162 = i. What are the prime factors of m?
5, 11
Let l(q) = 3*q - 5. Let h be l(11). Suppose 4*f - h = -0*f + 3*u, 5*f - 5*u = 40. Suppose 175 = f*g - 3*n, -g - 4*n + 42 = -3*n. List the prime factors of g.
43
Let h be (-1)/(1*2/(-22)). Let u = h + -9. Suppose u*r = -3*r + 150. List the prime factors of r.
2, 3, 5
Suppose 1700 = 181*s - 164*s. List the prime factors of s.
2, 5
Let q(t) be the first derivative of 4*t**3/3 + 5*t**2/2 + 4*t - 3. Suppose 5*i = 3*s + 31, 0 = 2*i - 0*i - 10. What are the prime factors of q(s)?
2, 5
Let p(m) be the third derivative of -m**4/6 - m**3/6 + 8*m**2. Let o be p(11). Let v = 71 + o. What are the prime factors of v?
2, 13
Suppose -8*j + 5 = -11. Suppose 0*h + 5*c = -h + 47, -j*c = 0. What are the prime factors of h?
47
Suppose 0 = 4*k + 2*c + 20, 3*c = 4*k - 0*k + 30. List the prime factors of (k/8)/((-3)/276).
3, 23
Let h = -28 - -52. Suppose 21*j = h*j - 9. What are the prime factors of j?
3
Let g(f) = -3*f**3 + 4*f**2 + 7*f + 4. Let v be g(4). Let i = v + 143. List the prime factors of i.
47
Let m = -1 + 23. Let c = 110 - m. What are the prime factors of c?
2, 11
Let z(j) = -108*j + 52. Let l be z(-3). Let n = l - 258. List the prime factors of n.
2, 59
Suppose -3 = -4*w + 1. Suppose 5 = d - w. What are the prime factors of d - (2 - 1)*-1?
7
Let q(z) = -2*z + 9. Let t = -7 - -17. Let a be q(t). Let i(h) = h**3 + 12*h**2 + 9*h - 9. What are the prime factors of i(a)?
13
Suppose 5*h - 396 - 334 = 0. Suppose -3*j + h = 2*o - 84, 5*j - 4*o - 376 = 0. List the prime factors of j.
2, 19
Suppose l = 0, 0*g + 5*g + 5*l - 25 = 0. Suppose -g*n - 6 = t - 50, -2*t + 34 = 4*n. Let i(b) = -b**3 + 10*b**2 - 8*b + 3. List the prime factors of i(n).
2, 3
Let x be (-12)/(-54) + (-16)/(-9). Let r be 0 - x - (-7 + -1). List the prime factors of (62/r)/(10/30).
31
Let m = 2978 - 2029. List the prime factors of m.
13, 73
Let r(t) = t**2 + 5*t + 2400. List the prime factors of r(0).
2, 3, 5
Let s be 4/(-16) - ((-195)/12 + -2). Let z(l) = 11*l**2 + l - 1. Let o be z(1). Suppose -s = -u - o. What are the prime factors of u?
7
Let s = 2752 - 1313. List the prime factors of s.
1439
Let y = -43 + 45. Let x(t) = t**3 - 4*t**2 - 5*t + 5. Let s be x(5). Suppose g = -s*q + 8 + 97, 0 = -y*q + 4*g + 64. What are the prime factors of q?
2, 11
Let u(o) = 2*o + 22. Let v(l) = -l - 11. Let a(t) = -4*u(t) - 9*v(t). Let f be a(-9). Suppose f = -p + 5. What are the prime factors of p?
3
Let x = -30 + 32. Suppose -142 - 36 = -x*h. What are the prime factors of h?
89
Let r(k) be the third derivative of 29*k**6/24 + k**5/20 - k**4/12 + k**3/6 - 12*k**2. List the prime factors of r(1).
3, 7
Let m be ((-21)/6)/((-5)/(-10)). Let d(v) = 3*v**2 + 2*v. List the prime factors of d(m).
7, 19
Suppose -3*y - t = t - 2548, -2*t - 8 = 0. List the prime factors of y.
2, 3, 71
Suppose 15 = 5*b - 5*w, 4*b - 10 = 2*w - 0*w. Suppose s + 5*g - 23 = 0, -b*s + g = -3*s + 7. What are the prime factors of 1*(-42)/(s/(-3))?
2, 3, 7
Let j be 2*(-1 - 1 - -1). Let h be (-121)/(-4) - j/(-8). Suppose n - h = -4*n. List the prime factors of n.
2, 3
Let s(r) = -20*r**3. Let d be s(1). Let c = 60 + -56. List the prime factors of 5/d + 157/c.
3, 13
Let d = -60 - -48. What are the prime factors of (-21)/(-14)*(-1976)/d?
13, 19
Suppose 7*y + 17 = 101. List the prime factors of (-200)/(-3) + 4/y.
67
Let v(m) = -8*m**2 - 5*m + 16. Let g(n) = -7*n**2 - 4*n + 15. Let l(j) = -6*g(j) + 5*v(j). What are the prime factors of l(10)?
2, 3, 5
Let h be (72/(-45))/(4/10). What are the prime factors of 2 - h*(-68)/(-8)?
2, 3
Let p(y) = -y**2 - 30*y - 11. List the prime factors of p(-11).
2, 3, 11
Suppose 0 = -y + 4*n + 5, 3 = 2*y - 0*y - n. Let o be -5*(2 - (y - 0)). Let s = o + 20. What are the prime factors of s?
3, 5
Let f = -126 - -140. Let l(p) = -p**3 + 5*p**2 + p + 1. Let n be l(5). Suppose -n = -5*m + f. What are the prime factors of m?
2
Suppose 0 = v - 5 + 1. Suppose -4*o + o + z = -19, -4*o + 20 = v*z. Suppose 5*c + b - o = 0, -22 = c - 2*c + 5*b. What are the prime factors of c?
2
Suppose r + 654 = l, 29*r - 33*r = -2*l + 1298. What are the prime factors of l?
659
Suppose -4 = 2*d - 14, -2*t - d = -11. Suppose -t*p = -12 - 3, 3*u + 4*p - 209 = 0. What are the prime factors of u?
3, 7
Let z(o) = o**2 - 46*o + 444. What are the prime factors of z(54)?
2, 3, 73
Let j(b) = -b**3 + 4*b**2 + 13*b - 1. Let l be j(6). What are the prime factors of 2/l - 14030/(-50)?
281
Suppose -14*s + 16*s = 0. Suppose s = -3*y + 2*y + 48. What are the prime factors of y?
2, 3
Let u = 2 - -1. Suppose -5 = -u*w - 4*c, -5*w + c = -2*c - 18. Let r(i) = 9*i - 1. What are the prime factors of r(w)?
2, 13
Suppose -14 + 8 = 2*b. Let y(i) = 3*i**2 - 5*i - 8. What are the prime factors of y(b)?
2, 17
Suppose -2*i + 36 + 70 = -5*d, -4*d - 102 = -2*i. Suppose w - 2*z = i, 4*z + 25 = w - 22. What are the prime factors of w?
3, 13
Suppose 0 = -3032*m + 3036*m - 1100. List the prime factors of m.
5, 11
Let k(v) = -2*v**2 - v + 7. Let r be k(-4). Let t = r + 23. What are the prime factors of (58 - 4)*1/t?
3
Suppose -f + 3 = 3*x, 4*f = 3*x - 46 + 118. Let j(v) = -8*v + 21. Let u(c) = -4*c + 10. Let r(h) = 4*j(h) - 9*u(h). What are the prime factors of r(f)?
2, 3
Let v(h) = h**3 + h**2 - h - 1. Let y be v(-1). Suppose 0*d + 12*d - 240 = 0. Suppose y = o + 5 - d. List the prime factors of o.
3, 5
Let a(h) be the first derivative of h**3/3 - 3*h**2/2 + h - 2. Let x be a(5). Let k = x + -8. List the prime factors of k.
3
Suppose r - 5*j = -19, 2*j - 22 = -2*r - 0*r. Suppose -4*s + 6 = 3*a, r = -4*a - 2. List the prime factors of s.
3
List the prime factors of (3671/7)/(((-84)/(-49))/12).
3671
Suppose -2*z = -5*u + 177, -z + 152 = 6*u - 2*u. Let t = -26 + u. List the prime factors of t.
11
Suppose 1 - 2 = -g, -5*k = 5*g - 720. List the prime factors of k.
11, 13
Let p = 11 - 11. Let z be (2/2 - p) + 74. Suppose -z = -4*g + 5. What are the prime factors of g?
2, 5
Suppose -o - 4 + 6 = -q, -8 = -o + 3*q. Let w be (o + -3)*(-13)/26. Suppose 212 = w*b + 3*b - 2*u, 5*u - 205 = -5*b. What are the prime factors of b?
2, 3, 7
Let q be (2/2 + -2)*-5. Suppose -5*m + 33 = q*d - 132, 5*d + 155 = 5*m. What are the prime factors of m?
2
Let v be 8*((-9)/2)/(-3). Let p(b) = 8*b - 2. Let n(y) = 38*y - 12. Let a(u) = 3*n(u) - 14*p(u). List the prime factors of a(v).
2
List the prime factors of 66033/44 - (-18)/(-24).
2, 3, 5
Let f = 18 + -6. Let o = 124 - 121. Suppose o*m - f = -m. List the prime factors of m.
3
What are the prime factors of (-128)/3*(5 + -18 + 10)?
2
Let y be 6/(-9) + 14/(-6) + 1. What are the prime factors of 2/6*(61 + y - -4)?
3, 7
Suppose 4 = -5*f + 14. Let o(c) = 7*c - 5 - 4*c + f*c + 0*c. List the prime factors of o(4).
3, 5
Suppose 6960 = 10*o + 6*o. What are the prime factors of o?
3, 5, 29
Suppose 0 = 2*w - 414 - 502. Suppose w = 5*i - 7. List the prime factors of i.
3, 31
Let z be -1 - 3 - (-24)/6. Suppose 236 = 4*p - 5*x, 66 = p - z*x - 3*x. What are the prime factors of p?
2, 3
Suppose -s = 4*t - 210, -156 = -4*t - 5*s + 62. Let u = 15 + t. List the prime factors of u.
67
Let j(h) = h**3. Let d(z) = 3*z**3 - 8*z**2 + 5*z + 2. Let k(t) = -d(t) + 2*j(t). List the prime factors of k(5).
2, 3
Suppose 0 = -2*d + 8, 4*z + 2 = d - 2. Let a = -2 + z. List the prime factors of a/(-3) + 490/21.
2, 3
Suppose -h - l = -881, 0 = -3*l + 12 + 3. What are the prime factors of h?
2, 3, 73
Let c(s) = 3*s - 4. Suppose -27 = 4*x + 5. Let j be c(x). List the prime factors of (72/j)/((-1)/7).
2, 3
Let p be 1183/(-26) - 6/(-4). Let q = 43 - p. What are the prime factors of q?
3, 29
Let l(t) = t**3 + 4*t**2 - 4*t + 7. Let u be l(-5). Suppose -8*v = -u*v. Suppose v = -w + 14 + 35. What are the prime factors of w?
7
Let b be -4*(-2)/4*5/5. List the prime factors of 1 + (-1 - b) - -121 - 0.
7, 17
Let f(i) = i**2 - 7*i - 51. What are the prime factors of f(-5)?
3
What are th